4*v. Determine k(z).
-4
Let n(o) = 3*o + 1. Let f be n(-3). Let r be f/20 - (-18)/(-5). Let k(y) = 3*y + 3. Give k(r).
-9
Let b(n) = -2*n**2 - 6*n - 4. Let w(j) = -j**2 - j + 1. Let t(p) = -b(p) + 3*w(p). Let c = -158 + 163. What is t(c)?
-3
Let i(s) = -s**3 - 10*s**2 - 10*s. Let h be 3/36*2 + 605/(-66). What is i(h)?
9
Let w(c) = -7*c - 11 - c**2 + 17 + 4. Let q(n) = -n**2 - 8*n + 11. Let v(j) = -5*q(j) + 6*w(j). Suppose 2*r - 3*r = 4. Calculate v(r).
-3
Let i(f) be the first derivative of -f**6/120 - f**5/60 + f**4/8 + f**3/2 + 9*f**2 - 8. Let w(r) be the second derivative of i(r). Give w(-3).
12
Let d(g) be the first derivative of -g**4/4 + 8*g**3/3 - 7*g + 118. Determine d(8).
-7
Let p(t) be the first derivative of -t**4/4 + 2*t**3 - t**2 + t - 68. What is p(4)?
25
Let p(i) = -7*i**2 - 31*i + 12. Let r(d) = -3*d**2 - 14*d + 5. Let q(w) = -2*p(w) + 5*r(w). What is q(-6)?
13
Let r(m) be the second derivative of m**3/6 + m**2/2 - m. Suppose 3*g = v + 2, 5*v - 22 = 10*g - 11*g. Determine r(g).
3
Let b(f) = -26*f + 17. Let j(p) = 9*p - 6. Let h(n) = -6*b(n) - 17*j(n). Let s(i) = -i**3 + 4*i**2 + 5*i + 1. Let q be s(5). Let o = q - 7. What is h(o)?
-18
Let y(n) = -n**3 + n**2 + 2*n. Suppose 33*a + 291 = 36*a. Let z = -99 + a. Determine y(z).
8
Let b be (-1)/(-4) - (-30)/8. Let a(j) = 3*j + 1507 - j**2 + 1503 - 3006. What is a(b)?
0
Let l(q) = q**2 - 14*q + 38. Suppose 46*t = 100 + 268. Calculate l(t).
-10
Let a(v) be the third derivative of -v**5/60 - 7*v**4/24 - 5*v**3/6 - 25*v**2. What is a(-7)?
-5
Let u(d) = -d + 19. Let t(o) = o - 18. Let x(l) = 4*t(l) + 5*u(l). Let f be x(21). Let i(b) = 2*b + 2. Give i(f).
6
Let m = 20 - 19. Let h(t) = t**2 - t + 1. Let r(g) = g**3 - 4*g**2 - g + 6. Suppose 2 - 6 = 4*y. Let s(k) = m*r(k) + y*h(k). Calculate s(5).
5
Let h(m) be the second derivative of m**3/3 + m**2/2 + m. Let k be 135/(-12) - 2/(-8). Let w = 14 + k. Determine h(w).
7
Let l = -417 - -414. Let q(a) = -a**2 + 2*a + 10. Give q(l).
-5
Let z(q) = -6*q + 3*q - q**2 - 3 - 8*q + 5*q. Calculate z(-2).
5
Let z(o) = -o**2 + 3*o + 2. Let u be (192/144)/((-1)/(-3)). What is z(u)?
-2
Let d(t) = -5*t. Let o(a) = -5*a + 1. Let y(i) = -4*d(i) + 5*o(i). Suppose 480*h - 8 = 478*h. Give y(h).
-15
Let x(q) = -q**3 - 2*q**2 - 3*q - 3. Let w be x(-2). Let b be ((-4)/w)/(-4)*3. Suppose -3*p + 16 - b = 0. Let y(l) = -l**3 + 6*l**2 - 6*l - 3. Give y(p).
-8
Let o = 3 + 5. Let i be (o/24)/(2/12). Let g(l) = 14*l**3 + 55*l**2 - 25*l**2 - l - 30*l**i. Calculate g(1).
13
Suppose -3*o - 6*p + 3*p = -57, -p - 9 = -o. Suppose 10*w = o*w - 12. Let m be 3/((-9)/4)*w. Let q(v) = v**2 + 2*v - 4. Calculate q(m).
4
Let m(b) = 5*b**2 - 28*b + 24. Let r(y) = y**2 - 6*y + 5. Let l(p) = -2*m(p) + 11*r(p). Give l(9).
-2
Let s(t) = -t**3 - 4*t**2 - 6*t - 15. Let y be s(-4). Let m(n) = -n**2 + 11*n + 7. What is m(y)?
25
Let i = 2 - -3. Suppose -3 = -q + i*b, -2*b + 5*b - 3 = -q. Suppose -3*m + 5*c - 3 = -5*m, -4*m = q*c + 1. Let k(h) = 5*h + 1. What is k(m)?
-4
Let p(m) = 25*m**3 - 7*m**2 + 6*m - 13. Let u(q) = 31*q**3 - 6*q**2 + 7*q - 13. Let d(z) = 5*p(z) - 4*u(z). Calculate d(11).
9
Let g = -29 - -21. Let x(n) = -3*n**2 - 14*n + 7. Let u(w) = -w**2 - 5*w + 2. Let p(s) = g*u(s) + 3*x(s). Let h = 44 - 48. Determine p(h).
-3
Let f be (12/(-9))/((-84)/(-693)). Let b(j) = -j**2 - 15*j - 37. Calculate b(f).
7
Let p be (-1)/(-6) - (279/54 - 1). Let o be (p/(-8))/(4/8). Let h(z) = 7*z**2. What is h(o)?
7
Let r = -2 + 3. Let j(b) = 386*b**3 - 14*b**2 + 13*b**2 - 385*b**3. Give j(r).
0
Let d = 1955 - 1954. Let n(m) = 29*m**3 - m**2 + 2*m - 1. Give n(d).
29
Let p(o) be the second derivative of -1/6*o**3 + 0*o**2 - o + 0. What is p(3)?
-3
Let y(u) = 418*u - 417*u - 3 + 1. Suppose 10 = 3*a - 20. Suppose 3*i = i - a. What is y(i)?
-7
Let r(a) = -29 - 4*a + 19 + 12. Calculate r(2).
-6
Let r be ((-6)/(-10))/(((-36)/(-20))/9). Let x(o) be the third derivative of 0*o + 0 - 3*o**2 + 5/6*o**r - 1/12*o**4. Determine x(5).
-5
Let s(j) be the third derivative of j**5/60 - j**4/6 - 2*j**3/3 - 8*j**2 - 1. Calculate s(4).
-4
Let t be 1/2 - 413/(-118). Let r(x) = -x**2 - 6*x + 21. Give r(t).
-19
Let x be (130/325)/(1/35). Let j(k) = k + 1. Give j(x).
15
Let j(c) = 3*c - 3 - 3*c + c - 3. Let q be (-83)/(-3) - (-1)/3. Suppose 4 = -4*f + q. What is j(f)?
0
Let h(j) = -5*j**2 - 7*j - 6. Let b(a) = 2*a**2 + 3*a + 3. Let k(x) = 9*b(x) + 4*h(x). Suppose -2*l - 3*o + 6 = 0, -4*l + 2*o + 10 = 30. Give k(l).
-12
Let h(a) = -2*a**2 + 6*a - 7. Let q = -334 + 337. What is h(q)?
-7
Let b(t) = 2*t + 24. Let l(c) = 4*c + 24. Let i(o) = 3*b(o) - 2*l(o). Determine i(9).
6
Let v = -13 - -24. Suppose v = 3*r - 1. Suppose -r*l = -2 - 6. Let i(y) = y**3 - y**2 + 2. Give i(l).
6
Let d(t) = t**2 - 2*t + 9. Let s(f) = -2*f + 1. Let i(k) = d(k) + s(k). Determine i(5).
15
Suppose z = 3*z + 8, -g - 9 = 3*z. Let l(s) = -g*s - 134 + 2*s + 145 + 2*s. Give l(-7).
4
Suppose c = -3*j - 11, 0*j + 123 = -5*c + 2*j. Let p = c + 16. Let m(g) = -4*g - 17. Let z(w) = 10*w + 42. Let n(d) = 12*m(d) + 5*z(d). Calculate n(p).
-8
Let k(j) be the second derivative of -1/12*j**4 - 5/2*j**2 - 7/6*j**3 + 0 + 51*j. Give k(-6).
1
Let d(o) = o**2 - 5*o - 7. Let w be d(-2). Suppose -5*h + 10*h = 2*b + 22, 3*h - w = -5*b. Let j(z) = z**3 - 4*z**2 - z - 2. What is j(h)?
-6
Let m = -5 + 3. Let k be 1*-2*(m - -1). Suppose 0 + 2 = k*b. Let r(s) = -6*s + 1. What is r(b)?
-5
Let b(o) = -69104 + 69104 - 24*o. What is b(1)?
-24
Let u(n) = n**2 - 11*n. Let r be u(11). Let h(f) = -2190 + 2197 + f**2 + 0*f**2. Calculate h(r).
7
Let h(l) be the first derivative of -l**2/2 + l - 2. Suppose -3*k - 4 = -64. Suppose 4*m + 4*g - k = 0, -3*m + 8*m + 2*g - 25 = 0. Calculate h(m).
-4
Let o(s) = -s**3 - 3*s**2 + s + 1. Let h be (-3 - (-5)/2)*(18 - 12). Give o(h).
-2
Let q = 589 + -593. Let z(n) = 3*n + 7. Give z(q).
-5
Let q(m) = -14*m - 21. Let s(x) = -3*x - 5. Let r(t) = 2*q(t) - 9*s(t). Calculate r(1).
2
Let x be (13/(-26))/((-2)/28). Let f(o) = 2*o - 9. Calculate f(x).
5
Let r(s) be the second derivative of 2*s - 1/6*s**3 + 0 + 7/2*s**2. Determine r(0).
7
Let d(t) = 10*t - 2. Let u(k) = -9*k + 3. Let c(a) = 5*d(a) + 4*u(a). Determine c(-4).
-54
Let m(u) = -u**2 - u + 62. Let p be m(-8). Let w(j) = 2*j - 9. Give w(p).
3
Let q(r) be the second derivative of r**4/12 + r**3/3 - 4*r**2 + 85*r - 2. What is q(-5)?
7
Suppose 11*f - 15*f = -112. Let l = f + -23. Let i(o) = -o**2 + 8*o - 6. Determine i(l).
9
Let i(t) be the second derivative of -t**4/12 + 5*t**3/6 - t**2/2 - 4*t - 21. Give i(5).
-1
Let k be 60/14 + 28/(-98). Let u be -2*(0 - k - -2). Let b(z) = -2 + u*z**2 + 7*z**2 - 9*z**2. Calculate b(-2).
6
Let b(x) = 3*x - 1. Let g(s) = -13*s + 27. Let u(z) = -4*b(z) - g(z). Give u(0).
-23
Let b be (-50)/(-5) + (-2)/1. Let v(a) = a**2 - b + 12 + a + 10. Calculate v(0).
14
Let o(k) = 2*k**3 - 4*k**2 + 7*k + 5. Let v(h) = 4*h**3 - 8*h**2 + 13*h + 8. Let x(m) = 5*o(m) - 3*v(m). What is x(3)?
-29
Let w(m) = 5*m**2 - 4*m + 4. Let y be w(2). Suppose y = -5*s + 6. Let z(d) = d**2 - 2*d - 1. Give z(s).
7
Let q(s) be the third derivative of -s**4/4 + 7*s**3/6 - 6*s**2 - 7*s. Calculate q(6).
-29
Suppose -52 + 0 = 13*w. Let n(t) = -8*t - 6. Determine n(w).
26
Let a be (-12)/(-24)*(-5 - 204/(-40)). Let k(h) be the second derivative of -4/3*h**3 + 0 + 7/12*h**4 + 7*h + a*h**5 + 5/2*h**2. Determine k(-8).
5
Let b = -14 - -17. Suppose b*n = n + 8. Let h(r) = 1 + 3 + n*r - 8*r. Determine h(4).
-12
Let g(v) = v**3 - v**2 + 11. Suppose -5*l + 2*l + 30 = 0. Let i = l + -10. Suppose -4*r + 0*r = i. Give g(r).
11
Let x(l) = -4*l + 1. Suppose 2*c = 6*c + 12, 4*c = 5*d + 18. What is x(d)?
25
Let l(i) = i**3 + 7*i**2 - i - 8. Let t(f) = f**3 - 2*f**2 + f - 116. Let p be t(0). Let s = p - -109. Calculate l(s).
-1
Let y(d) = -7*d - d**2 + d + 0*d + 4*d. Let k = -29 - -25. Determine y(k).
-8
Let q(t) = t**3 - t**2 - t + 6. Let v be (8 - 2)/((-4)/(-8)). Let h = -1 + v. Let d = -11 + h. Calculate q(d).
6
Suppose 0*y = y. Let c(r) be the third derivative of 1/60*r**5 + 1/2*r**3 - 1/24*r**4 + 0 + 0*r - 1/120*r**6 - 3*r**2. What is c(y)?
3
Let l be ((-4)/(-3))/((-4)/(-6)). Suppose -7*m = l*u - 6*m - 15, -m = -3*u + 10. Let g(x) = x - 1. Calculate g(u).
4
Suppose 7*r = -9 - 5. Let q(j) = 4*j - 2. Calculate q(r).
